e 1 - 7/((-7)/(-58)). Let b = d + 57. Calculate g(b).
-1
Suppose -k + 5*k = 8, 5*k = 5*w - 15. Let a(u) = u + u - w*u + 4*u + 9. Give a(-9).
0
Let l be (-3012)/276 - (-22)/(-253). Let m(b) = -3*b - 38. Give m(l).
-5
Let p be (-3 - -4)*11/(11/(-4)). Let n(z) = z**2 - z - 3. Calculate n(p).
17
Let u = -50 + 138. Let d = -83 + u. Suppose 25 = d*m - 0*m. Let k(l) = -l**3 + 5*l**2 - l + 5. Determine k(m).
0
Let w(o) = -o**2 - 18*o - 82. Let l be ((-28)/(-2))/(25 + -27). Calculate w(l).
-5
Let v = 774 + 851. Let q be (-6)/63 - v/(-525). Let d(p) = p**2 - p + 5. Determine d(q).
11
Let r = 440 - 441. Let h(t) be the third derivative of 3*t**5/5 + t**3/6 + 16*t**2 - 1. What is h(r)?
37
Suppose 12191*n = 11951*n - 3120. Let a(r) be the third derivative of -r**6/120 - 13*r**5/60 + r**4/24 + 3*r**3 + 2*r**2. Determine a(n).
5
Let f(i) = 7*i + 31. Let p be f(-4). Suppose 3*k - 5*u + 0 = -4, 4*k - 3*u - 2 = 0. Let t(n) = -k + 0*n**3 + 2*n + 4 - 4*n - 2*n**2 + n**3. Give t(p).
5
Let p(l) = -l**2 - 16*l + 21. Let z be ((-19)/(-152)*-68)/(1/2). Determine p(z).
4
Let r be 4/2 + 144/((-4)/1). Let x be -1*3 + r/(-17). Let c be (x - (-1 - 1))/((-1)/5). Let p(g) = g**3 + 4*g**2 - 7*g - 3. Determine p(c).
7
Let i = 493 + -496. Let v(f) = 2*f**3 - 7*f**2 + 2. Let j(g) = g**3 - 4*g**2 + 1. Let x(m) = i*v(m) + 5*j(m). Calculate x(-2).
11
Let d(m) = 37*m + 1496. Let k be d(-40). Let g(i) = -13*i + 208. Give g(k).
0
Suppose -41 = 5*z + 19. Let a = z + 9. Let r(f) be the first derivative of f**2/2 - 2*f - 1170. What is r(a)?
-5
Let w = -7463 - -7474. Let l(x) = -2*x**3 + 23*x**2 - 14*x - 2. What is l(w)?
-35
Let m(k) be the first derivative of k**4/4 + 4*k**3/3 + 2*k**2 + 3*k - 13414. Let v = 3 - -4. Let r(q) = q**3 - 6*q**2 - 8*q + 3. Let b be r(v). Calculate m(b).
-13
Let m = 2523 + -7568/3. Let w(s) be the first derivative of m*s**3 - 1/2*s**2 + 7 + s. Determine w(-3).
13
Let a(p) = -25627*p - 25636*p + 51261*p. Suppose n - 6 = -8. Calculate a(n).
4
Let v(o) be the second derivative of -o**6/120 + o**5/6 + 5*o**3/6 + 30*o**2 - 109*o. Let k(z) be the first derivative of v(z). Calculate k(10).
5
Let z(o) be the third derivative of o**6/12 - o**4/24 + 13*o**2. Let u be z(1). Let q be 3*2/u + 2/(-3). Let f(m) = m**2 - m + 3. Give f(q).
3
Let i(c) be the second derivative of -11*c**7/840 + c**5/60 - c**4/24 + c**3/3 + 3*c**2 + 38*c. Let k(z) be the second derivative of i(z). Calculate k(1).
-10
Let o(c) = c**2 + c - 3. Let l(k) = -k**3 - 6*k**2 + 3. Suppose 34 = -3*v + 4*x, 4*v - 2*x = 3*x - 44. Let g be l(v). What is o(g)?
9
Let f(t) = -27*t - 25*t + 1 + 10*t + 39*t. Let m(w) = w**3 + 5*w**2 + 4*w + 3. Let v be m(-4). Determine f(v).
-8
Let q(g) be the first derivative of g**2/2 + 6*g - 18. Suppose 1603*t + 19 = -4*i + 1604*t, -4*i - 2*t - 34 = 0. Calculate q(i).
0
Let f(x) = 4*x**2 - x - 2. Suppose -g + 0*g - 67 = 4*m, 4*m = 3*g + 233. Let p = -45 - g. Let b be -1*4/10 - 48/p. What is f(b)?
16
Let q(u) = u**2 + 15*u - 48. Suppose -9*h = 3*j + 159, 3*h - 5*j = -3*j - 56. What is q(h)?
6
Let q(x) = x**3 + 16*x**2 + 12*x - 45. Let h be q(-15). Suppose b + 43 - 39 = h. Let c(u) = -6*u - 2. Give c(b).
22
Let z be 284/(-84) + (-2)/7 + (-316)/948. Let k(h) = -8*h - 11. Calculate k(z).
21
Suppose 5*k + 135 = 5*j, 78 = -5*k + 2*k + 2*j. Let t be k/4*3/(-6). Let g(x) = -4*x**2 + 22*x**3 + x + 0*x**2 - 54*x**t + 31*x**3 - 1. Give g(-3).
-13
Suppose 3*t = -18, 5*t = 17*l - 19*l - 66. Let r(y) = -5*y - 85. Calculate r(l).
5
Let l(y) be the first derivative of y**3 - 7*y**2 + 8*y - 1074. What is l(5)?
13
Suppose 999*m = 919*m - 480. Let p(t) = -t**3 - 4*t**2 + 10*t - 11. What is p(m)?
1
Let c(f) = f**3 - 8*f**2 + 8*f - 5. Let r be c(7). Let z(b) = 8 - 260*b + b**r + 521*b - 275*b. Determine z(11).
-25
Let y = 2414 - 2413. Let r(s) be the first derivative of -1/3*s**3 + y + s + 0*s**2. Determine r(-1).
0
Let b(j) be the second derivative of 6*j**2 + 0 - 1/6*j**3 - 20*j. Let a be (-2 - -9) + 2 + 0. Determine b(a).
3
Let d = -11 - -15. Let q be 4 - (1 - 2)*4/(-2). Let x(g) = -g**3 + 0*g**3 - 58*g**q + 62*g**2 + 36 - 33. Calculate x(d).
3
Let v(d) be the third derivative of d**4/6 + d**3/6 - 20*d**2. Suppose -4*a + 3*q - 8 = 0, 17*a - 14*a - 2*q = -5. Calculate v(a).
5
Let b = 5257 - 5249. Let k(m) = -2*m**2 + 14*m + 10. What is k(b)?
-6
Let m(t) be the first derivative of -2*t + t**3 + 5/24*t**4 + 1/120*t**6 - 7/60*t**5 + 23/2*t**2 - 22. Let d(z) be the second derivative of m(z). What is d(6)?
0
Suppose -4*x + 5*l = -3*x + 25, -10 = -5*x - 2*l. Let f(t) be the second derivative of x - 22*t - 1/2*t**3 + 2*t**2. What is f(4)?
-8
Let m(s) = s**3 - 6*s**2 - 11*s + 11. Let o(b) = 11*b**2 + 88*b + 7. Let v be o(-8). Determine m(v).
-17
Let i be (-1782)/(-55) + (6/15)/(-1). Let a(g) = i*g - 29*g - 2*g. Let y be (-10)/(-35) + (-44)/7. What is a(y)?
-6
Let y(j) = j**3 - 8*j**2 + j. Let s be y(8). Let t be (-3 + 2)*(-12)/s*2. Let a(g) = -6*g - 5*g**2 - 5*g**t + 34 + 6*g**3 - 35. Calculate a(6).
-1
Let c(p) = p - 4. Let d(v) = 3*v - 30. Let m be d(12). Let z(k) = k - 3. Let b(a) = m*c(a) - 5*z(a). Calculate b(4).
-5
Let v(b) be the third derivative of -b**5/60 + b**4/4 + 7*b**3/6 - b**2. Let p be (-332)/(-55) + 111/(195360/(-64)). What is v(p)?
7
Let h(u) = -5*u**3 + 11*u**2 - 4*u + 56. Let b(l) = 11*l**3 - 23*l**2 + 9*l - 110. Let f(j) = -4*b(j) - 9*h(j). Calculate f(8).
0
Suppose 0 = -12*j + 11*j + 16. Let w(c) = c**2 + 45*c - 9 - 16*c - j*c - 9*c. Calculate w(-7).
12
Let r(m) = 4*m. Suppose 0 = -5*g + 12*k - 14*k - 566, -564 = 5*g + 3*k. Let v be (-13)/3 - 38/g. What is r(v)?
-16
Let k(t) = t**2 + 7*t + 10. Let y = 331 + -323. Suppose -4 + 2 = d. Let b be d - (y/2 - -1). Give k(b).
10
Let h be 19/38 - (-6)/(-42)*(-21)/(-6). Let u(z) be the third derivative of 1/3*z**3 - 1/60*z**5 + 33*z**2 + 0 + 5/12*z**4 + h*z. What is u(10)?
2
Suppose -14 = 7*n + 14. Let l be (n - 0) + (-30 - -38). Let f(t) = 2*t**2 - 6*t + 2. What is f(l)?
10
Let f(u) = -u**3 + 11*u**2 + 3*u - 28. Let g(d) = -d**3 + 65*d**2 + 68*d - 121. Let k be g(66). Give f(k).
5
Let r(i) = -i**3 + 26*i**2 - 25*i + 1. Let t be r(25). Let c(x) = -16*x**3 + t - 4486*x + 4486*x. Suppose u = 5, -u + 2*u - 8 = 3*p. Calculate c(p).
17
Suppose 0 = -6*y + 3*y + 15. Suppose 0 = y*j - 7*j - 34. Let a = 21 + j. Let w(h) = h**3 - 5*h**2 + 4*h. What is w(a)?
0
Let y(d) = 1. Let f(t) = t + 5. Let z = -81 - -38. Let l = 44 + z. Let h(v) = l*f(v) - 5*y(v). Calculate h(4).
4
Let u be 1*(56 - 53)*(6/(-3))/(-6). Let i(v) = -4*v**2 + 2*v - 1. Calculate i(u).
-3
Let b(t) be the third derivative of t**5/3 + t**3/3 + 6*t**2. Let j be b(-1). Let i(k) = 7 + 2*k**2 - 33*k + j*k - 15*k**2 + 4 - k**3. What is i(-12)?
-1
Suppose 3*t + 0*t - 6 = 3*o, 5*o + 37 = -4*t. Let i be (-62)/t*(-36)/(-24). Let p(d) = 6*d**2 - 5 + 11 + i*d - 26*d + d**3 + 0*d**3. Calculate p(-5).
6
Let n(k) = k**2 + k + 2. Let g be (-1)/6*-10 + 2/6. Suppose 4*y = -3*j - 2*j + 55, -g*j + 50 = -4*y. Suppose -j*b + 16 = -11*b. Calculate n(b).
22
Suppose -5*a + 3 - 3 - 5 = 0. Let o(s) = s - 12. Determine o(a).
-13
Let y(t) = -t**2 - 22*t - 57. Let x(v) = -v**2 - 58*v + 585. Let j be x(-67). Determine y(j).
15
Let v(l) = l - 98. Let w(z) = -z + 57. Let q(n) = -3*v(n) - 5*w(n). Let c = -1 + -3. What is q(c)?
1
Let r(o) = -16*o + 336. Let p be r(21). Let x(q) = 5*q**2 - q + 4. Let w be x(p). Let j(v) = -v**2 + 2*v + 1. Calculate j(w).
-7
Suppose 3*m + 3*q = 18, 62*m + 30 = 60*m + 5*q. Let b(i) = i**2 + 13*i. Give b(m).
0
Let o = 170 - 157. Suppose o*t - 38 = 27. Let c(s) = -s**2 + s + 7. Calculate c(t).
-13
Let g = 173 - 171. Let l(c) = 123*c - 57*c + c**3 + 6*c**g - 1 - 61*c. What is l(-5)?
-1
Let l(t) = -t**2 + 5*t + 5. Suppose -4*a - 123 + 147 = 0. Suppose 4*x + b - 24 = -b, 0 = -x - b + a. What is l(x)?
-1
Let t(i) be the first derivative of i**4/4 - 16*i**3/3 + 3*i**2 - 96*i - 5007. Give t(16).
0
Let n(q) = -q**3 - 12*q**2 + 6*q + 14. Let i be ((-32)/4 + 14)*-2. What is n(i)?
-58
Let j(i) = i**3 + i**2 + 5*i - 7. Let v = 22628 + -22627. Calculate j(v).
0
Let j(v) = 17*v + 3. Let b(w) = -88*w - 16. Let i(q) = 2*b(q) + 11*j(q). Let g(r) = -14*r - 2. Let t(s) = 4*g(s) + 5*i(s). Give t(5).
-8
Let u(y) = 4*y + 97. Let r(a) = -a**3 - 43*a**2 + 290*a - 225. Let o be r(-49). Determine u(o).
-19
Let q b